4.
42
Calculate the highest common divisor of 24 and 56.
8
Calculate the greatest common divisor of 141 and 9.
3
Calculate the highest common factor of 30 and 10995.
15
Calculate the greatest common divisor of 25 and 18225.
25
What is the greatest common factor of 4 and 143?
1
What is the greatest common divisor of 360 and 96?
24
What is the highest common factor of 16 and 8252?
4
Calculate the highest common factor of 25 and 265.
5
What is the greatest common factor of 158 and 6?
2
Calculate the greatest common divisor of 816 and 144.
48
What is the highest common factor of 11 and 11?
11
What is the greatest common factor of 21 and 1897?
7
What is the greatest common factor of 960 and 60?
60
Calculate the highest common divisor of 110 and 176.
22
What is the highest common factor of 24 and 4124?
4
Calculate the highest common factor of 183 and 976.
61
Calculate the highest common divisor of 256 and 128.
128
Calculate the highest common factor of 35 and 308.
7
Calculate the greatest common divisor of 15 and 8565.
15
What is the greatest common factor of 93 and 217?
31
What is the highest common factor of 80 and 64?
16
Calculate the highest common factor of 7828 and 152.
76
Calculate the highest common divisor of 2584 and 8.
8
Calculate the highest common factor of 511 and 2482.
73
What is the greatest common factor of 325 and 125?
25
What is the greatest common divisor of 231 and 7?
7
What is the highest common divisor of 1 and 31?
1
What is the highest common divisor of 204 and 9?
3
What is the highest common factor of 10062 and 516?
258
Calculate the greatest common factor of 4960 and 112.
16
Calculate the greatest common factor of 76 and 684.
76
What is the highest common divisor of 10 and 80?
10
What is the highest common factor of 54 and 6?
6
Calculate the greatest common divisor of 94 and 1222.
94
Calculate the greatest common divisor of 1110 and 74.
74
Calculate the highest common divisor of 16 and 1792.
16
Calculate the highest common divisor of 24986 and 186.
62
Calculate the greatest common divisor of 4512 and 240.
48
What is the greatest common divisor of 65 and 180?
5
What is the highest common divisor of 148 and 20?
4
What is the highest common divisor of 51 and 1547?
17
What is the greatest common factor of 99 and 1221?
33
What is the highest common divisor of 528 and 110?
22
Calculate the highest common factor of 48 and 56.
8
Calculate the greatest common factor of 245 and 294.
49
Calculate the highest common factor of 784 and 336.
112
Calculate the greatest common divisor of 1407 and 84.
21
What is the greatest common divisor of 161 and 7?
7
What is the greatest common divisor of 111 and 185?
37
What is the greatest common factor of 61 and 976?
61
Calculate the greatest common divisor of 51 and 2091.
51
Calculate the greatest common divisor of 1333 and 129.
43
What is the greatest common factor of 33 and 891?
33
Calculate the greatest common divisor of 4 and 2642.
2
Calculate the highest common divisor of 1225 and 225.
25
Calculate the highest common factor of 4 and 200.
4
What is the greatest common divisor of 11 and 451?
11
Calculate the highest common divisor of 153 and 663.
51
What is the highest common divisor of 2460 and 60?
60
Calculate the highest common factor of 160 and 4512.
32
Calculate the highest common factor of 240 and 30.
30
Calculate the greatest common factor of 420 and 168.
84
What is the greatest common factor of 18 and 54?
18
Calculate the greatest common factor of 28 and 70.
14
Calculate the greatest common factor of 2850 and 114.
114
What is the greatest common divisor of 2363 and 68?
17
What is the highest common divisor of 1325 and 53?
53
What is the greatest common factor of 336 and 42?
42
What is the highest common divisor of 13161 and 123?
123
What is the greatest common divisor of 28 and 238?
14
Calculate the greatest common factor of 2968 and 56.
56
What is the greatest common factor of 618 and 6?
6
Calculate the highest common factor of 112 and 280.
56
What is the highest common divisor of 126 and 648?
18
What is the highest common factor of 22 and 8?
2
What is the highest common factor of 295 and 55?
5
Calculate the highest common divisor of 315 and 45.
45
Calculate the greatest common divisor of 70 and 5530.
70
What is the greatest common divisor of 1568 and 2254?
98
What is the highest common factor of 2156 and 1372?
196
What is the greatest common factor of 6223 and 635?
127
What is the highest common divisor of 3 and 4269?
3
Calculate the highest common divisor of 36 and 27.
9
Calculate the highest common divisor of 1751 and 206.
103
What is the greatest common factor of 665 and 77?
7
Calculate the greatest common divisor of 2496 and 78.
78
Calculate the greatest common divisor of 111 and 1739.
37
What is the highest common factor of 15 and 435?
15
What is the highest common divisor of 796 and 56?
4
What is the greatest common factor of 2040 and 48?
24
Calculate the highest common factor of 175 and 14.
7
Calculate the highest common divisor of 779 and 1.
1
What is the highest common factor of 15 and 480?
15
What is the highest common factor of 66 and 10461?
33
Calculate the greatest common factor of 1233 and 137.
137
What is the highest common divisor of 70 and 80?
10
Calculate the highest common factor of 24 and 136.
8
What is the highest common divisor of 70 and 315?
35
What is the highest common factor of 187 and 425?
17
Calculate the greatest common divisor of 315 and 14.
7
What is the greatest common factor of 48 and 4320?
48
What is the greatest common divisor of 87 and 754?
29
Calculate the highest common factor of 129 and 3.
3
Calculate the highest common divisor of 41 and 2747.
41
Calculate the greatest common factor of 35 and 308.
7
Calculate the greatest common factor of 1134 and 486.
162
What is the highest common factor of 1712 and 368?
16
Calculate the greatest common factor of 14259 and 49.
49
What is the greatest common divisor of 288 and 120?
24
What is the greatest common divisor of 266 and 1976?
38
Calculate the highest common factor of 4530 and 30.
30
Calculate the greatest common divisor of 247 and 19.
19
What is the highest common factor of 120 and 72?
24
What is the highest common factor of 26 and 7982?
26
What is the greatest common divisor of 726 and 1518?
66
What is the greatest common divisor of 544 and 176?
16
Calculate the greatest common divisor of 1111 and 2323.
101
Calculate the highest common divisor of 398 and 40.
2
What is the highest common factor of 192 and 36?
12
What is the greatest common divisor of 455 and 420?
35
What is the greatest common factor of 6 and 10518?
6
What is the greatest common divisor of 354 and 48?
6
Calculate the greatest common factor of 5871 and 399.
57
Calculate the highest common factor of 200 and 375.
25
Calculate the greatest common factor of 261 and 153.
9
Calculate the greatest common factor of 156 and 72.
12
Calculate the highest common factor of 8 and 296.
8
Calculate the greatest common factor of 36 and 684.
36
Calculate the highest common divisor of 84 and 308.
28
Calculate the highest common divisor of 1649 and 97.
97
What is the greatest common divisor of 17248 and 56?
56
Calculate the highest common divisor of 10 and 1730.
10
Calculate the highest common divisor of 768 and 1104.
48
Calculate the greatest common factor of 255 and 31790.
85
What is the highest common divisor of 459 and 783?
27
Calculate the highest common factor of 172 and 4.
4
What is the greatest common divisor of 1025 and 25?
25
Calculate the greatest common divisor of 127 and 2032.
127
What is the highest common factor of 57 and 12?
3
What is the greatest common divisor of 155 and 35?
5
Calculate the greatest common factor of 51 and 4777.
17
Calculate the highest common divisor of 79 and 2133.
79
What is the greatest common divisor of 230 and 138?
46
Calculate the greatest common factor of 1330 and 315.
35
What is the highest common factor of 1155 and 77?
77
Calculate the highest common divisor of 78 and 182.
26
Calculate the greatest common factor of 1184 and 128.
32
What is the highest common factor of 198 and 11?
11
Calculate the greatest common factor of 1083 and 456.
57
What is the greatest common factor of 9 and 85?
1
What is the greatest